. Calculate the greatest common factor of 2 and f.
2
Let y = -36 + 38. Suppose 5*a - 12 = 8, 0 = s + a - 10. Calculate the greatest common divisor of s and y.
2
Let g = 38 - 23. Let t(o) = o - 3*o + o. Let d be t(-5). Calculate the greatest common factor of g and d.
5
Let c = -17 + 53. What is the highest common divisor of c and 24?
12
Suppose -4*q + 0*v + 40 = -4*v, -v - 4 = 0. Calculate the greatest common divisor of q and 4.
2
Suppose 7*a - 66 = a. Let h = 2 + -1. Let k be (1/2)/(h/2). Calculate the highest common factor of k and a.
1
Let c = 28 + -18. Calculate the highest common factor of 10 and c.
10
Let g be -3 + 308/(-3 + 5). Suppose 5*p = -g + 571. What is the greatest common divisor of p and 12?
12
Let n(b) = -b**2 - 18*b - 66. Let k be n(-12). Calculate the highest common factor of k and 54.
6
Suppose -f - 1152 = -13*f. Let g be (-2)/8 + (-194)/(-8). Calculate the greatest common factor of f and g.
24
Let l = -34 + 38. What is the greatest common factor of 32 and l?
4
Let o(v) be the third derivative of v**4/12 - 5*v**3/6 - 2*v**2. Suppose -4*n + 7 = -3*n. Let z be o(n). What is the highest common divisor of z and 6?
3
Let i be 30/4*96/20. What is the highest common divisor of 27 and i?
9
Let p = 18 + 1. Let a be p/3 - (-2)/(-6). What is the greatest common divisor of a and 66?
6
Let v be (24/(-10))/((-2)/(-10)). Let j be v/20*(-30)/2. What is the highest common divisor of 81 and j?
9
Suppose -n = -4*n - 5*x + 41, -n + 2*x = -10. Calculate the greatest common factor of 36 and n.
12
Let n = 90 + -80. Let p(i) = i**2 + 3*i + 1. Let h be p(-3). Let f be 11/h - (1 + 0). Calculate the highest common divisor of n and f.
10
Let k be 158/6 - (-1)/(-3). Let q(h) = h**3 - 12*h**2 - 27*h + 25. Let s be q(14). Calculate the greatest common factor of s and k.
13
Let i(j) = -j**3 + 5*j**2 + 7*j - 3. Let b be i(6). Suppose b*s - s = 2. Let c(o) = o. Let f be c(s). What is the greatest common divisor of 11 and f?
1
Let h = -12 - -100. Suppose i + 4*w = 6*w + 17, -3*i = 4*w - 21. Calculate the greatest common divisor of i and h.
11
Suppose 3*g = 3*k, k = -2*g + 5*k. Suppose 5*f = -10, -3*t - 5 = -g*f + 4*f. What is the greatest common factor of 2 and t?
1
Suppose 0*s + s = -82. Let i be 1/(-4) - s/8. Suppose 2 = -5*h - q - 2*q, 0 = -3*h + q + i. Calculate the greatest common divisor of h and 14.
2
Let o(r) = -r**3 + 14*r**2 + r + 19. Suppose 5*g - 19 = 51. Let h be o(g). What is the greatest common divisor of h and 3?
3
Let x be (-8)/(-6)*3*2. Let r = -4 + x. Let k(h) = 3*h - 6. Let f be k(r). What is the highest common divisor of 12 and f?
6
Suppose t + 2*t = l - 85, 5*l - 4*t = 370. What is the greatest common factor of l and 10?
10
Let l = -6 + 9. Let c = 2 - 0. Suppose 2*a - 12 = 2*u, c*a - 5 + l = -3*u. What is the highest common factor of a and 12?
4
Suppose -t + 31 + 18 = 0. Calculate the highest common divisor of t and 7.
7
Suppose -144 - 64 = -4*s. Suppose 0*m + m = s. Suppose 0 = -4*x - 4, -8 = -t + 4*x - 9*x. Calculate the greatest common factor of m and t.
13
Suppose -2*i + 7*i = 70. Let z be (72/i)/(3/14). What is the greatest common divisor of z and 12?
12
Let d(o) = o**3 - 7*o**2 + 5*o + 5. Let b be d(5). Let l be (-4)/10 + (-108)/b. Calculate the greatest common factor of l and 20.
5
Let v(u) = 1 + 0*u - u + u**3 + 0*u - u**2. Let b be v(2). What is the greatest common factor of 15 and b?
3
Suppose 4 + 5 = 3*j. Let h = 33 + j. Calculate the greatest common divisor of 9 and h.
9
Let c(d) = -7*d + 6 - 3*d - 4*d**2 + 6*d**2. Let v be c(6). Calculate the greatest common divisor of v and 12.
6
Suppose -48*t = -42*t - 216. What is the greatest common factor of 9 and t?
9
Let k = 39 + 33. What is the greatest common factor of 8 and k?
8
Let k(l) be the first derivative of l**2/2 + 8*l + 1. Let s be k(-3). Calculate the greatest common divisor of 15 and s.
5
Suppose -f = 2*w - 11, 3*f + 16 = 5*w - 6. Let q be (1/3)/((-2)/6) - -6. Calculate the highest common divisor of w and q.
5
Let q be (220/6)/(6/9). Suppose -4*n - n = -q. What is the greatest common factor of n and 22?
11
Let d(t) = -2*t + 20. Let a be d(-10). Let k be 17/2 + 1/(-2). What is the greatest common factor of k and a?
8
Suppose -3*r + 15 = 2*r. Calculate the highest common factor of r and 33.
3
Let y be (14 + (2 - 7))*1. Let z(p) = 10*p**3 - 2*p + 1. Let a be z(1). What is the highest common divisor of y and a?
9
Let u be (-5)/((-5)/9) + -3. Calculate the greatest common factor of 24 and u.
6
Suppose -90 = -5*c + 5*n, 4*n + 16 = -4. Calculate the greatest common divisor of c and 91.
13
Let z = 4 + -5. Let t = 2 - z. Calculate the highest common factor of 3 and t.
3
Let j = -377 - -637. Calculate the greatest common factor of j and 104.
52
Let b be (-4)/(1 - 3)*2. Let y be (b/10)/((-8)/(-120)). Suppose 2*l - 147 + 15 = 0. Calculate the highest common divisor of l and y.
6
Let r = -1 - -29. Calculate the greatest common factor of r and 8.
4
Suppose 32 = 12*q - 28. Calculate the greatest common factor of 2 and q.
1
Let g be 5*8 + 0 + 0. Suppose 0 = 2*f - x - 4*x - 37, -3*x = -4*f + 67. Calculate the greatest common divisor of g and f.
8
Let z(x) be the first derivative of -x**4/2 - 8*x**3/3 - 2*x**2 + 1. Let u be z(-5). What is the greatest common divisor of 28 and u?
14
Suppose 4*f - 7*f = -6. Let d = -551 + 553. Calculate the greatest common divisor of d and f.
2
Let t(v) = -7*v. Let s be t(-9). Suppose -3*b + 41 = 2*b - 3*h, 3*h + 6 = 0. Calculate the greatest common factor of b and s.
7
Let i = 5 + -5. Suppose 1 = -i*p + p. Suppose 6*f - 4 = 2*f. What is the greatest common divisor of f and p?
1
Let v = -10 + 24. Let m = 7 + 21. Let z be 4/(-14) - (-3144)/m. Calculate the greatest common divisor of z and v.
14
Let t(f) be the third derivative of -f**5/60 + 5*f**4/6 - 11*f**3/6 - 2*f**2. Let v be t(9). Calculate the highest common factor of v and 8.
8
Suppose 147 = -0*v + 3*v. What is the highest common divisor of v and 7?
7
Suppose -488 = -15*s + 172. What is the greatest common factor of s and 132?
44
Let y = 3 + -1. Let d(h) = 2*h**3 + h**2 - h + 1. Let f be d(y). Let b be 6274/30 - 8/(-480)*-8. What is the highest common divisor of b and f?
19
Let p = -28 - -17. Let a(s) = -3*s - 12. Let m be a(p). Calculate the greatest common divisor of 21 and m.
21
Suppose -42 = -2*u - u + f, -2*u + 4*f + 28 = 0. Calculate the highest common divisor of 126 and u.
14
Suppose 11 = 3*n + 2*k, 4*n + 8*k - 3*k = 17. Let s(g) = 4*g - 7. Let i be s(n). Calculate the greatest common factor of i and 15.
5
Let s(b) be the first derivative of 15*b**4/4 + b**3/3 - b**2/2 + 1. Let h be s(1). Calculate the greatest common divisor of 165 and h.
15
Suppose 7*y = 2*y - 15. Let s = y + 7. Let d(w) = 4*w**2. Let a be d(-3). Calculate the greatest common factor of s and a.
4
Let i be (-1)/(-2) - (-74)/4. Let n(w) = 10*w**2 + 2*w - 1. Let d be n(3). Calculate the highest common divisor of i and d.
19
Suppose 0 = 5*r - 0 - 10. Calculate the highest common divisor of r and 14.
2
Let m(k) = -k**3 + k**2 + 135. Let q = 26 + -26. Let d be m(q). What is the highest common factor of d and 15?
15
Suppose 5*o = -5*y + 70, o - y - 18 = -0*y. Let r be (12/(-6))/((-1)/2). Let w be -1 + r + (4 - -169). What is the highest common divisor of w and o?
16
Suppose l - 6*l + 62 = y, -4*l - 5*y + 37 = 0. What is the highest common factor of l and 13?
13
Suppose 0 = 5*p - 5*s + 36 - 131, 0 = -4*p - 3*s + 83. What is the highest common divisor of p and 20?
20
Let u = -11 + 21. Let p(c) = -c**3 - 7*c**2 + 5*c - 6. Let w be p(-5). Let i = -41 - w. What is the highest common factor of u and i?
10
Suppose 0 = -5*r - 3*i + 145, 5*r + 5*i = 4*r + 51. Calculate the highest common divisor of 208 and r.
26
Let a(k) = 5*k**2 + 2*k - 1. Let n(t) = -t**2 + 4*t. Let h be n(2). Let y = -3 + h. Let l be a(y). Calculate the greatest common divisor of 15 and l.
3
Let z(j) = -38*j - 2. Let g be z(-3). What is the highest common divisor of g and 14?
14
Suppose g + 56 = 3*j, -6*g + 99 = 5*j - 2*g. Calculate the highest common divisor of 95 and j.
19
Suppose -2*b = -331 + 93. Calculate the greatest common factor of 17 and b.
17
Let o be -1 + (4 - (1 + 2)). Suppose -s + o = -1. Calculate the greatest common factor of s and 1.
1
Let c(q) = -q**2